20. What is the highest common divisor of 27 and l?
9
Let y = 10 + -10. Let g = y - 3. Let o(r) = r**3 + 4*r**2 + r - 3. Let f be o(g). Calculate the highest common factor of 27 and f.
3
Let d = -148 - -169. Calculate the highest common divisor of 1071 and d.
21
Suppose 7*q - 202 = 1. What is the greatest common divisor of q and 29?
29
Suppose 48 = -3*y - 264. Let j = -82 - y. Calculate the highest common divisor of j and 2.
2
Suppose -1239 = -24*s + 1353. Calculate the greatest common divisor of s and 4.
4
Suppose h + j + 10 = 25, -2*j = 5*h - 78. What is the highest common factor of 496 and h?
16
Let d(a) = 8*a**2 + 12*a - 11. Let j be d(7). What is the greatest common factor of 15 and j?
15
Let t = 28 + -29. Let r(u) = -22*u**3 + u. Let x be r(t). Suppose 0*o - o - m = -29, -o = -m - x. What is the highest common factor of 10 and o?
5
Suppose 5 - 2 = 4*l - 5*k, -4*l + 18 = -2*k. Suppose l*p = 3*p + 728. Calculate the greatest common divisor of p and 26.
26
Suppose 3*m - 2*h = -20 + 160, 0 = -m - 4*h + 28. Let d = -27 + 37. Suppose -5*r - 31 - d = -i, 3*r = 3*i - 183. What is the highest common factor of i and m?
22
Suppose -3*f + 474 = 5*l - 506, -5*l = -f - 960. Let p = 270 - l. Suppose 3*t - 32 + 11 = 0. Calculate the greatest common factor of t and p.
7
Suppose 5*m - 105 = 125. Let y = m + 4. Suppose -5*a - 10 = g, 3*a - a + 28 = 2*g. What is the greatest common divisor of g and y?
10
Suppose -10 + 115 = -7*s. Let o = s - -43. Let l(w) = 17*w**2 + w. Let t be l(2). What is the greatest common factor of t and o?
14
Suppose -2*b = 4*y - 338, -y = -5*b + 22 - 101. Let c = 117 - y. Calculate the highest common factor of 22 and c.
11
Suppose 5*z - 3*z = 3*h + 17, 5*z + h = 51. Calculate the highest common divisor of z and 90.
10
Let y be (-14)/(-63) - (-50)/18. Suppose 0 = 3*x + 2*v - 8, x - 14 = -0*x + 5*v. Calculate the highest common divisor of y and x.
1
Suppose 4*d + 4 = 6*d. Suppose g + d*g - 33 = 0. Let k(m) = -m**3 + 5*m**2 + 7*m + 5. Let q be k(6). Calculate the greatest common divisor of q and g.
11
Let c(h) = -5*h. Suppose 0 = -w + 4*i + 13, 5*w - 5*i - 6 + 1 = 0. Let y be c(w). Calculate the highest common factor of y and 75.
15
Suppose 2*k + 2*q - 52 = 36, 206 = 5*k - 2*q. Calculate the greatest common divisor of k and 14.
14
Suppose 4*f - f = -3*o + 39, 9 = 3*o. Let h be (-2)/f - 1001/(-55). Calculate the greatest common divisor of h and 108.
18
Suppose -78 = 2*x - 4*x. Suppose 0 = -188*m + 180*m + 24. What is the highest common factor of x and m?
3
Let s(g) = 12*g - 33. Let y be s(-7). Let o = y - -132. What is the greatest common divisor of o and 15?
15
Let g(u) = 8*u - 13. Let b be g(2). Suppose -b*d = -12, l + 4*l = -d + 529. What is the highest common divisor of 70 and l?
35
Suppose 2*a + 46 = 4*a - 3*l, -a = -5*l - 37. Suppose 0 = 5*d + 15, -w - 3*d = -272 + 60. Calculate the highest common divisor of a and w.
17
Let s = 3569 - 2514. What is the greatest common divisor of s and 10?
5
Let b = 1490 - 115. What is the greatest common factor of 11 and b?
11
Let x = -972 + 1108. What is the highest common factor of 34 and x?
34
Let u = -86 + 100. Suppose -u*c = -4 - 122. Let t be 6/(-4)*(-30)/1. What is the greatest common divisor of t and c?
9
Let a(g) = -4*g - 6. Suppose -4*q + i = 23, -3*q + 11 = -q - 5*i. Let m be a(q). Let n = 13 + m. What is the highest common divisor of n and 5?
5
Suppose -2*i + 2 = -15*h + 16*h, i = -4*h + 43. Calculate the highest common divisor of 129 and h.
3
Suppose 15 = 2*m + 11. Let t be (-15)/m*(-4)/6. Suppose -2*x - 6 = 3*j - 20, 3*j = 2*x - 26. Calculate the greatest common factor of t and x.
5
Let n(o) = -7*o + 2. Let u(y) = 28*y - 8. Let q(f) = -26*n(f) - 6*u(f). Let v be q(8). What is the greatest common factor of 12 and v?
12
Let k = -11 + 26. Let h be 12/(-16)*((-128)/12 + 4). What is the greatest common divisor of k and h?
5
Let h(z) = z + 42. Let x be h(0). Let r = 58 - x. What is the greatest common divisor of 16 and r?
16
Suppose -10 = 2*r + 4*u, -3*u = 5*r + u - 5. Suppose -x - 85*w = -88*w - 17, -5*w + 5 = 5*x. What is the highest common divisor of r and x?
5
Suppose 4*d + 1634 = 5*h, 0*d - 3*d - 1308 = -4*h. What is the greatest common factor of 30 and h?
30
Let w = -1 + 6. Suppose 2*t = w*t + 2*v - 74, -2*v = 4. Suppose 5*c + 94 = 419. What is the greatest common divisor of c and t?
13
Suppose 0 = -10*n + 179 + 41. Calculate the greatest common divisor of n and 154.
22
Suppose 0 = 2*y + 4*y - 0*y. Suppose 4*o - 88 - 56 = y. What is the greatest common factor of o and 9?
9
Suppose 0 = z - 5*q - 29, 4*q + 0*q + 20 = 0. Suppose 631 = 11*b + z. Calculate the highest common divisor of b and 38.
19
Let j = -526 - -195. Let d(z) = -119*z. Let w be d(-5). Let m = j + w. What is the highest common divisor of 24 and m?
24
Let d be (-24)/(-1)*(-36)/48. Let w = d + 38. Let b = 10 + 50. What is the highest common factor of w and b?
20
Suppose 0 = -u - u + 3*j - 7, 2*j - 30 = -5*u. Calculate the greatest common divisor of 9 and u.
1
Let u be (-290)/(-20) - 2*(-1)/4. Calculate the highest common divisor of u and 5.
5
Let o = -17 - -242. Calculate the highest common divisor of 90 and o.
45
Let g = 29 - 25. Suppose -145 = -g*l + 63. Calculate the greatest common divisor of 26 and l.
26
Let l(t) = t**2 + t + 5. Let w be l(0). Let o = -7 - w. Let b = o + 22. What is the highest common factor of b and 30?
10
Suppose -12 = 4*y, 8*y - 12*y = -5*j + 507. What is the highest common divisor of j and 33?
33
Suppose -4*m - 3*k - 526 = -5*m, -4*m + 2138 = 5*k. Calculate the greatest common factor of 28 and m.
28
Suppose 0 = -6*p - 10*p + 336. Let s be (1 + 2)/9*p. What is the highest common factor of 2 and s?
1
Let g = 9 - 8. Let s = 19 - 12. Calculate the highest common factor of g and s.
1
Suppose -7*u + 3*u + 64 = 0. Suppose 9*b - 15 - 129 = 0. What is the highest common factor of b and u?
16
Let y(o) = -7*o + 11. Let p(f) = 35*f - 55. Let k(c) = 2*p(c) + 11*y(c). Let a be k(-6). What is the highest common divisor of 212 and a?
53
Let h be 6 + (-9 - -7) + 78. What is the highest common factor of h and 123?
41
Suppose -3*c = -4*i - 468, 0*i = 2*c + 2*i - 326. Suppose 3*t = c + 110. Calculate the greatest common factor of 60 and t.
30
Suppose 5*v + 315 - 1286 = -m, 5*m = v + 4907. Calculate the highest common divisor of 109 and m.
109
Suppose -7*m + 10 = -12*m, 4*m + 40 = 4*q. Let c(y) = 4*y**2 - 2*y. Let a be c(2). Calculate the highest common divisor of a and q.
4
Let k = 11 + -9. Suppose 3*i - k*i + 3*p + 5 = 0, -i - p = -1. Suppose -i = 3*t + 5*w, -w - 40 = -2*t - 3*t. Calculate the greatest common factor of t and 77.
7
Let s be (-2)/(-4)*(13 - 1). Let h(a) = 9*a**2 - 6*a + 9. Let t be h(3). Suppose 8*k - 11*k + t = 0. Calculate the highest common divisor of k and s.
6
Suppose -10*l = -9*l - 21. Let s be (-1 + 0)/((-6)/42). Calculate the highest common divisor of s and l.
7
Let o = 1091 - 968. What is the greatest common divisor of 6 and o?
3
Let k be -27*(-9)/((-54)/(-34)). Calculate the greatest common divisor of 17 and k.
17
Let g = 294 - 293. Calculate the greatest common factor of g and 37.
1
Let t(r) = r**3 - 9*r**2 + 9*r - 4. Let z be t(8). Let i(x) = x**2 - 6*x + 10. Let h be i(z). What is the greatest common factor of 18 and h?
2
Suppose 2*y = 8, -j + y = -4*j + 10. Suppose -23 = -9*c + 4. What is the highest common divisor of j and c?
1
Suppose 0*y + 12 = y + 4*u, -3*y + 81 = -3*u. Suppose y = 3*z - 0*z. Suppose 3*d - 25 = 23. What is the greatest common factor of d and z?
8
Let j(p) = -p**2 - 11*p + 12. Let s be j(-12). Let w = s - -3. Let z = 14 - w. Calculate the highest common divisor of z and 22.
11
Suppose 4*a - 86 + 11 = 5*b, -a = -b - 20. Suppose -23 + 1 = -x. Let z = -17 + x. Calculate the greatest common factor of a and z.
5
Let m be ((-2)/(-6))/(2/114). Suppose 4*h = -2*n - 118 + 298, -3*n = -h + 45. Let y = -26 + h. Calculate the highest common divisor of m and y.
19
Let y(p) = -p**3 - 10*p**2 - p + 6. Let z be y(-10). Suppose -x - x + z = 0. What is the highest common divisor of 4 and x?
4
Suppose -a + 36 = 3*c, 0 = -2*a + 4*a - 5*c - 50. Let r be (-8 - -7 - 3)*120/(-32). What is the greatest common divisor of r and a?
15
Let m = -2883 - -3070. Let d be -9 + 11 - 30/(-2). What